st the prime factors of q(-8).
2, 157
Suppose 5*s - 264 = 476. Suppose 2*v = 6*v - s. List the prime factors of v.
37
Let u(a) = -8*a**3 + a - 2. Let l be u(2). List the prime factors of (-1)/((-2)/l*-2).
2
Let t be 276/(9/(-24)*2). What are the prime factors of 9/6*t/(-12)?
2, 23
Let r(a) = a + 3. Let u be r(-9). Let l be ((-14)/(-21))/((-1)/u). Suppose 5*t + 3*p - 152 = 0, -3*t - l*p + 151 = 2*t. List the prime factors of t.
31
Let l(v) = 18*v**2 - 7*v - 1. Let h be l(4). Suppose 0*g + h = 7*g. What are the prime factors of g?
37
Let i = -940 - -3239. List the prime factors of i.
11, 19
Let t(j) = j + 1. Let y(p) = -27*p - 4. Let h(m) = 3*t(m) + y(m). Let x = -3 - -2. List the prime factors of h(x).
23
Suppose 5*y = -4*a + a + 3771, 5*a + 1527 = 2*y. What are the prime factors of y?
2, 3, 7
Suppose 9*v - 4406 - 13378 = 0. What are the prime factors of v?
2, 13, 19
Let y be (5/10)/((-4)/8). List the prime factors of (-904)/(-12) + y/3.
3, 5
What are the prime factors of (-5 + (-14 - -26))*(-3946)/(-7)?
2, 1973
List the prime factors of 1830*(1 + 20/(-30)).
2, 5, 61
Let h(i) = 7*i + 9. Suppose -5*k + p + 23 = -0*p, 2*p - 9 = -k. Let f be h(k). Suppose -f = -2*v + 10. List the prime factors of v.
3
Let z = 39 - 8. Suppose z = -r - 2. Let g = 74 + r. What are the prime factors of g?
41
Let m = 9 - 6. Suppose h + 0*h = -3*j + 85, -3*j + 81 = -m*h. List the prime factors of j.
2, 7
Suppose -19 = -f + 5*k, -2 = 2*f + 5*k + 5. Suppose -f*m - 4 = -0. Let g = m + 44. List the prime factors of g.
43
Suppose 13*v = 11*v + 2312. What are the prime factors of v?
2, 17
Suppose 0 = 9*f - 2683 + 514. What are the prime factors of f?
241
Suppose 0*l = -5*l + 440. List the prime factors of l/11*1/2.
2
Let w(u) be the second derivative of u**5/5 + 2*u. Let i be w(-1). What are the prime factors of (-525)/(-49) - i/14?
11
Let t(h) = -h**3 + 14*h**2 + 15*h + 11. What are the prime factors of t(13)?
3, 5
Let l be (-24)/(-9)*(-6)/(-4). Suppose 4*t + 272 = 4*i, -l*i - 5*t = -2*t - 251. What are the prime factors of i?
5, 13
List the prime factors of (4 - -3 - 7) + 585.
3, 5, 13
Suppose -9*g - 5*q - 20 = -8*g, -g + q = -4. Suppose -5*o = -k - 605, -3*k = -g*o - 4*o + 484. List the prime factors of o.
11
Suppose 0 = 5*k - 208 - 192. Suppose -6*d - k = -d. Let i = d - -48. List the prime factors of i.
2
Suppose -3*l - 513 = -j - 4*l, -3*j + 1547 = 5*l. List the prime factors of j.
509
Suppose 3*b - 12 + 39 = 5*f, 0 = -4*f - 4*b - 4. Let s be f/(-5) + 244/(-10). Let q = 28 + s. List the prime factors of q.
3
Suppose x = -0*x + 5. Suppose -3*m = -4*b + 228, x - 62 = -b - 4*m. What are the prime factors of b?
3, 19
Suppose -u + 4*u + 3*j = 12180, -5*j = 5. What are the prime factors of u?
31, 131
Suppose r + 7*a - 6*a - 1048 = 0, -3*r + 3*a = -3162. List the prime factors of r.
1051
Let a(p) = -p**3 - 10*p**2 - 5*p - 61. What are the prime factors of a(-12)?
7, 41
Suppose 5*k + 2*w - 2962 = 0, 0 = -2*k + w + 4*w + 1179. List the prime factors of k.
2, 37
Suppose 2464 = -h + 5*h - 4*s, 1843 = 3*h + 2*s. What are the prime factors of h?
3, 5, 41
Let b = 52 + -38. What are the prime factors of (b/(-8))/(-2 - (-303)/152)?
2, 7, 19
Let j = 15 + -12. Suppose j*p - 16 = -p. Suppose -y - p*y + 3*v = -171, -y - v = -31. List the prime factors of y.
3, 11
Let x(s) = 2*s**2 - 2*s - 52. What are the prime factors of x(-8)?
2, 23
Let x = 5 - -1. Suppose 4*m = -5*k + x*m + 847, -3*k + 493 = -5*m. What are the prime factors of k?
3, 19
Let i(r) = 2*r**2 + 21*r - 23. List the prime factors of i(7).
2, 3, 37
Suppose 0 = q + 4*u - 6, 2 = -5*q + 4*u - 8*u. List the prime factors of (-3 - 0)*(-14 - q).
2, 3
Let v = 790 + -470. What are the prime factors of v?
2, 5
Let d(q) = 175*q**2 + q + 2. Let x be d(-1). Suppose 10*r - 54 - x = 0. List the prime factors of r.
23
Let z(n) = 106*n**2 + 27*n + 9. List the prime factors of z(-4).
1597
Suppose w - 3*l + 17 = 0, -5*l + 17 = -w - 4*l. Let c = 22 - w. List the prime factors of c.
3, 13
Let n be 3 + (-2 - -1)*1. Let w be 3 - 1 - 6/n. Let d = 15 - w. List the prime factors of d.
2
Suppose 4*h - 3496 = 2*l, 4*h + 2*l = 2892 + 588. What are the prime factors of h?
2, 109
Let y(a) = a + 15. Let d be y(10). Let j = d - 27. What are the prime factors of j/24*-69*12?
3, 23
Suppose 3*r + 20460 = 15*r. List the prime factors of r.
5, 11, 31
Suppose 0 = 104*w - 105*w + 515. List the prime factors of w.
5, 103
Let q be 20/(-10) + (-2 - -3). Let c(p) = -21*p**3 + p**2 - 4*p - 4. What are the prime factors of c(q)?
2, 11
Let m(y) = -6*y**2 + 11. Let x be m(5). Let h = -73 - x. List the prime factors of h.
2, 3, 11
Let g = 10610 + -6678. What are the prime factors of g?
2, 983
Let d = -1619 - -2612. What are the prime factors of d?
3, 331
Let t(n) = -2*n**2 + 26*n + 3. Let k be t(13). Suppose k*f - 6*f = -234. List the prime factors of f.
2, 3, 13
Let h(u) = -38*u - 63. What are the prime factors of h(-5)?
127
Let t(a) be the first derivative of -a**4/6 - 7*a**3/2 - a**2/2 + 10. Let m(h) be the second derivative of t(h). What are the prime factors of m(-10)?
19
Let z(v) = -75*v - 36. What are the prime factors of z(-7)?
3, 163
Let q = -12 - -15. Suppose 3*t - 3 = 0, q*z - 5*z + t + 331 = 0. Let s = -93 + z. List the prime factors of s.
73
Let c = 278 + 3129. What are the prime factors of c?
3407
Suppose 2*g + 8540 = 2*q, -2*q = -7*g + 3*g - 8536. What are the prime factors of q?
2, 3, 89
Suppose o = 2*o - 5. Suppose -36 = -o*a + a. Suppose -2*w - 3 = -a, 27 = 2*b - 5*w. What are the prime factors of b?
3, 7
Let h(x) = -22*x + 3. Let m be h(-5). Suppose -2*s = 2*w + m - 295, 4*s = -3*w + 277. Let a = w - 43. What are the prime factors of a?
2, 11
Suppose 16*c = -u + 11*c + 60, 3*c = -9. List the prime factors of u.
3, 5
Let v(t) = t + 8. Let j be v(-7). Let d be 3*(-4)/12 + j. Suppose d = -2*n + 4*n - 38. What are the prime factors of n?
19
Suppose -5*c + 16 = 6. Suppose 16 = c*r - 12. Suppose -r = -3*n - 5. What are the prime factors of n?
3
Let w = 71 - 142. Let c = w + 124. List the prime factors of c.
53
Let z(i) = -4 - 3*i + 0*i + 37*i. List the prime factors of z(2).
2
Suppose 5*q - 9*q + 15880 = -3*k, 0 = -q + 3*k + 3961. List the prime factors of q.
29, 137
Let b = 84 - 37. Suppose -f = -s - s + 25, f + b = 4*s. List the prime factors of s.
11
Let r(u) = 2*u**3 + 10*u**2 + 3*u + 17. Let v be r(-5). Suppose s - 3*m = 37, 0*s + 5*m - 74 = -v*s. List the prime factors of s.
37
Suppose -4*y + 3422 = 3*a - 6108, y = 3*a + 2375. What are the prime factors of y?
2381
Suppose 0*z - 5 = -z. Let t = z - 3. List the prime factors of (-41)/(-2) + t/4.
3, 7
Suppose -3*r + 189 = -10*x + 7*x, 0 = 4*r - x - 243. What are the prime factors of r?
2, 3, 5
Suppose 3*s = a + 1, -9 + 3 = -a - 4*s. What are the prime factors of a*(0 - 116/(-8))?
29
Let y(k) be the first derivative of -k**3 - 3*k - 2*k**2 - 2 - 1/4*k**4. What are the prime factors of y(-4)?
29
Suppose 0 = p - 2*j + 3, 0*j + 4*j = 4*p. Let c be (p/2)/((-9)/(-24)). What are the prime factors of (-3 + c)*2*8?
2
Let k(y) = y**2 - 2*y - 2. Let s be k(-6). Let v be -3*4/30*-5. Suppose n = -m + 8, 5*m - v*n - 22 = s. List the prime factors of m.
2, 3
Suppose 0 = -u + 152 - 37. List the prime factors of u.
5, 23
Let a be (-1)/(-3) - 224/(-21). Let s = 9 - a. Let z(c) = -3*c**3 - c - 1. What are the prime factors of z(s)?
5
Let h be (1/2)/(2/8). Let q(d) = 19*d**3 - 16*d**2 + 3*d. Let j(o) = -6*o**3 + 5*o**2 - o. Let c(a) = -7*j(a) - 2*q(a). List the prime factors of c(h).
2, 11
Suppose -439 = -n - 103. Suppose 4*y - n = 3*l, 4*l = l. Suppose -a = -5*a + y. What are the prime factors of a?
3, 7
Let m = 2285 - 1229. What are the prime factors of m?
2, 3, 11
Suppose h - 2 = -3. Let t(y) = -2*y + 3. Let p be t(-3). List the prime factors of h + 1 + p + 3.
2, 3
Let z(w) = 3*w**2 - 14*w + 1. Let i be z(6). What are the prime factors of 1 + 582/8 + i/100?
2, 37
Let v be (2/(-4))/(21/(-966)). Suppose 0 = -v*p + 28*p - 305. List the prime factors of p.
61
Let f be -6*(-4)/(-8) - -3. Suppose 4*p = 2*a - 44, -2*a - p + 7 + 17 = f. What are the prime factors of a?
2, 7
Let h(s) = 140*s + 44. List the prime factors of h(7).
2
Let x(u) = 28*u**3 + u**2 - 2*u + 1. Let b be x(1). Suppose o = 2*o + b. List the prime factors of (-